ded by s(3).
19
Suppose 0 = 6*y + 1145 - 1673. Calculate the remainder when 605 is divided by y.
77
Suppose k - 10 = -0. Let j(c) = -13*c + 14. Let v(q) = -9*q + 6. Let n(f) = -3*j(f) + 4*v(f). Calculate the remainder when 34 is divided by n(k).
10
Suppose -y - 1482 = -7*y. Let h = -152 + y. What is the remainder when h is divided by 22?
7
Suppose 15 = 2*l + 5*a, 171*l + 18 = 174*l + 3*a. Calculate the remainder when 969 is divided by l.
4
Let h = 4491 - 4031. Calculate the remainder when h is divided by 12.
4
Let v(z) = 44*z + 1111. Calculate the remainder when v(-8) is divided by 7.
3
Suppose m - 2*m + 4 = 0. Let a be (m - (-37 + -4)) + -2. Let s = -26 + a. What is the remainder when 84 is divided by s?
16
Let f(t) = t**2 + 11*t - 104. Calculate the remainder when 56 is divided by f(-18).
12
Let w(i) be the third derivative of -i**6/8 - i**4/24 - i**3/6 - 2*i**2. Let u(b) = -120*b + 883. What is the remainder when u(7) is divided by w(-1)?
13
Let s(p) = 13*p**2 - 36*p + 2. Let z(h) = -12*h**2 + 36*h - 1. Let d(y) = -4*s(y) - 5*z(y). What is the remainder when d(7) is divided by 53?
31
Let z(r) = 4*r + 43. Calculate the remainder when 2812/111 - 2/(-3) is divided by z(-7).
11
Suppose 4*y - 26 + 6 = -2*r, -4*r = y - 40. Suppose -r*n + 576 = 6*n. What is the remainder when n is divided by 21?
15
Let l = 4 + 0. Suppose 2*d - 2 = -2*y + 48, d - 4*y - 30 = 0. What is the remainder when d is divided by l?
2
Suppose 0 = 4*c + 2*g - 4191 - 8805, c + 2*g - 3249 = 0. What is the remainder when c is divided by 13?
12
Calculate the remainder when -96*24/(-40)*5 is divided by 91.
15
Let r be (-1)/(-3) + 14/3. Suppose 4*l = r*i + 157, -i = 4*l + 2*i - 181. Let o = l + -35. What is the remainder when o is divided by 4?
0
Let r = -11863 - -20495. What is the remainder when r is divided by 254?
250
Suppose -h = 10*g - 7*g - 92, -5*h + 141 = 4*g. Calculate the remainder when 0 - (1 + (-1 - 52)) is divided by g.
23
Let v be ((-9)/((-360)/(-590)))/(1/4). What is the remainder when (-4 - v) + (-2)/1 is divided by 15?
8
Suppose 15*c - 40 = 10*c. Suppose -10 = c*d - 242. What is the remainder when 47 is divided by d?
18
Let v = 5955 - 5817. What is the remainder when v is divided by (0 + -1)/(-1)*37?
27
Calculate the remainder when 150/45*(-27)/15 - -136 is divided by 24.
10
Suppose 273 - 20 = 2*t + 3*b, 2*t - 4*b - 204 = 0. Calculate the remainder when t is divided by 3.
2
Suppose -18*a + 12 = -20*a. Let x = -1 - a. What is the remainder when (-2)/(-3)*(770/4 - x) is divided by 18?
17
Let o = 5934 + -5813. Calculate the remainder when 570 is divided by o.
86
Let p = 554 + -294. What is the remainder when p is divided by ((-660)/(-40))/(6/16)?
40
Let n(y) = 23*y - 20. Let k be n(-24). What is the remainder when 41 is divided by (k/78)/((-4)/6)?
8
Let k(r) = -3*r**3 + 119*r**2 - 117*r - 425. What is the remainder when k(38) is divided by 13?
9
Let a(n) = -43*n - 2. Let c be a(-2). Let t = c + -73. Suppose 0 = -l + t - 7. What is the remainder when l is divided by 1?
0
Let g be 39/9 + (-1)/3. Suppose 0*s - 12 = -g*s. Let m = 471182 + -471170. Calculate the remainder when m is divided by s.
0
Let q(v) = -9*v**2 - 14*v - 4. Let d(n) = -n**2 + n - 3. Let m(z) = -3*d(z) - q(z). What is the remainder when 124 is divided by m(-2)?
7
Suppose -403*p - 152 = -406*p - 4*v, -4*p + 201 = 5*v. What is the remainder when 217 is divided by p?
41
Let n(t) = 6*t**3 + t**2 + 2*t + 3. Let w be n(3). Let o be (2/(-5))/(18/w). What is the remainder when 3 is divided by 3/(-6)*o - -1?
0
Suppose -3*p = 4 + 23. What is the remainder when (-4 + p/(-3))*-31 is divided by 4?
3
Let b(w) be the third derivative of w**4/12 + 7*w**3 + 2*w**2 - 34. What is the remainder when 118 is divided by b(-9)?
22
Suppose -17*k - 2*t = -12*k - 273, 0 = k + 3*t - 65. What is the remainder when 4608 is divided by k?
50
Suppose 34*j + 210 - 433 - 661 = 0. What is the remainder when 2494 is divided by j?
24
Let d(r) = r**3 - 42*r**2 - 138*r + 143. What is the remainder when 829 is divided by d(45)?
5
What is the remainder when (339255/14)/27*(0 - -2) is divided by 113?
100
Let k(t) = -t**2 - 187*t - 2699. Calculate the remainder when k(-118) is divided by 99.
97
Suppose 15*n = 19*n - 4*w - 100, 25 = n + 2*w. Let o = 39 - 35. Calculate the remainder when (1/o)/(4/752) is divided by n.
22
Let f(m) = 26*m + 41. Let k be f(-12). Let j = -212 - k. Calculate the remainder when j is divided by 20.
19
Suppose 2*d - y - 18 + 4 = 0, 5*d - 5*y = 45. Suppose 31 + 35 = 2*c + d*u, -5*c - u + 165 = 0. What is the remainder when c is divided by 14?
5
Let v(m) = -m**2 - 25*m - 4. Suppose 5*i + 120 = -5*t, -i = 4*t - 12 + 36. Calculate the remainder when 118 is divided by v(i).
18
Let c = -19932 - -19945. What is the remainder when 754 is divided by c?
0
Let n(y) = 17*y - 336. Calculate the remainder when n(73) is divided by 35.
30
Let k(i) = -219*i + 339. Calculate the remainder when k(0) is divided by 79.
23
Suppose i = -5*a - 3*i + 25, 4*i = -a + 5. Suppose -241 = 6*h - 7*h + 3*s, -a*h + 1205 = -2*s. What is the remainder when h is divided by 22?
21
Let i = -896 - -1285. What is the remainder when i is divided by 50?
39
Suppose -23*x + 211 + 199 = -280. Let c be 258 - (-1 + 2 + -3). Let n = c + -172. Calculate the remainder when n is divided by x.
28
Suppose -4*o + 20 = -3*o. Let b be 4/o - (-14)/5. What is the remainder when (-123)/(-9)*(0 + b) is divided by 15?
11
Let i(b) = b**3 - 22*b**2 - 42*b - 105. What is the remainder when 217 is divided by i(24)?
22
Let v(u) = 17*u**3 - 2*u**2 + 4*u**3 + 0*u**3 + u**2 + 6*u - 13. What is the remainder when v(2) is divided by 42?
37
Let n = 11 + 96. Suppose f - 3*r + 538 = 558, r - 33 = -2*f. Calculate the remainder when n is divided by f.
5
Let b = 2303 + -2251. Calculate the remainder when 408 is divided by b.
44
Suppose 3*l + 4*h + 46 = 144, -3*l + h + 118 = 0. Let i = -807 + 1257. Calculate the remainder when (i/(-21))/((-6)/42) is divided by l.
36
Suppose -5*u + 5*f + 5 = 0, -27*u + 28*u + 3*f = 17. Suppose -5*i = u, 3*l + 4*i - 45 = 5. What is the remainder when 51 is divided by l?
15
Suppose 82*d - 2*d + 8*d = 528. Suppose 147 + 737 = 4*v. Calculate the remainder when v is divided by d.
5
Suppose 0*n - 4*n - 4*l - 84 = 0, -5*l = 2*n + 39. Let p = -179 + 188. What is the remainder when 3 - (n + 0 + -1) is divided by p?
8
Calculate the remainder when 1795 is divided by (-9)/(-117)*6396/12.
32
Let w = 351 - 252. Calculate the remainder when 118 is divided by -22*w/(-126) + (-2)/7.
16
Suppose -180 = -2*p - 4*i, -63 = -2*p - 3*i + 117. Let g be (-2 - (-16)/14)*-56. Let k = g - 25. Calculate the remainder when p is divided by k.
21
Let k = -68 + 68. Suppose 3*u = -k*l - 2*l + 21, -2*l + 3*u = -3. Calculate the remainder when 25 is divided by (l/8)/(-2 + (-38)/(-16)).
1
Suppose -6*n + 24 = -4*n. Let i = 184 + -172. Suppose 112 + 140 = i*b. What is the remainder when b is divided by n?
9
Suppose -7*a - 24*a + 1808 = -23*a. What is the remainder when a is divided by 44?
6
Suppose -17*v + 19*v = 3*g + 510, -3*v - 4*g = -748. What is the remainder when v is divided by 57?
24
Let r = -112 + 31. Suppose 1138 = 14*j - 80. Let z = r + j. Calculate the remainder when 14 is divided by z.
2
Let x be (210/(-20) - -9)/(1/(-1486)). Let o = x + -668. Calculate the remainder when o is divided by 22.
21
Let v be 1 + (3 - 4) - -1. Suppose m + v = 8. Suppose 1652 = -0*b + m*b. Calculate the remainder when b is divided by 34.
32
Suppose -x = -4*t + 3*x - 4, -2*x = 8. Let n = -86 + 105. Calculate the remainder when (-554)/(-10) - (-2)/t is divided by n.
17
Suppose 37163*x - 37173*x + 13110 = 0. Calculate the remainder when 1315 is divided by x.
4
Suppose 59 - 87 = 4*o. What is the remainder when (-2 - o - -1) + 141 is divided by 30?
27
Suppose -12*c + 357 = -187 + 28. Calculate the remainder when 768 is divided by c.
37
Let m(v) be the third derivative of v**5/30 - v**4/4 + v**3/2 - 2*v**2 - 20*v. Calculate the remainder when 43 is divided by m(3).
1
Suppose -2*y - 461*r + 15 = -460*r, -5*y - 2*r = -38. Calculate the remainder when 556 is divided by y.
4
Let l be 4/(-8) - 7742/(-28). Let a = -234 + l. Calculate the remainder when 250 is divided by a.
40
Suppose 127 - 39 = 4*y. Suppose s - 1 = -5*v + 31